{"id":3093,"date":"2022-03-23T21:46:34","date_gmt":"2022-03-23T20:46:34","guid":{"rendered":"https:\/\/feelfreeagency.com\/envirofond\/?page_id=3093"},"modified":"2022-03-23T22:22:18","modified_gmt":"2022-03-23T21:22:18","slug":"dokumenty-po-schvaleni-ziadosti","status":"publish","type":"page","link":"https:\/\/feelfreeagency.com\/envirofond\/dokumenty-po-schvaleni-ziadosti\/","title":{"rendered":"Dokumenty po schv\u00e1len\u00ed \u017eiadosti"},"content":{"rendered":"\t\t<div data-elementor-type=\"wp-page\" data-elementor-id=\"3093\" class=\"elementor elementor-3093\" data-elementor-settings=\"[]\">\n\t\t\t\t\t\t<div class=\"elementor-inner\">\n\t\t\t\t\t\t\t<div class=\"elementor-section-wrap\">\n\t\t\t\t\t\t\t<section class=\"elementor-section elementor-top-section elementor-element elementor-element-1151765c elementor-section-boxed elementor-section-height-default elementor-section-height-default\" data-id=\"1151765c\" data-element_type=\"section\">\n\t\t\t\t\t\t<div class=\"elementor-container elementor-column-gap-default\">\n\t\t\t\t\t\t\t<div class=\"elementor-row\">\n\t\t\t\t\t<div class=\"elementor-column elementor-col-100 elementor-top-column elementor-element elementor-element-11ab4d83\" data-id=\"11ab4d83\" data-element_type=\"column\">\n\t\t\t<div class=\"elementor-column-wrap elementor-element-populated\">\n\t\t\t\t\t\t\t<div class=\"elementor-widget-wrap\">\n\t\t\t\t\t\t<div class=\"elementor-element elementor-element-670e6d00 elementor-widget elementor-widget-text-editor\" data-id=\"670e6d00\" data-element_type=\"widget\" data-widget_type=\"text-editor.default\">\n\t\t\t\t<div class=\"elementor-widget-container\">\n\t\t\t<style>\/*! elementor - v3.5.6 - 28-02-2022 *\/\n.elementor-widget-text-editor.elementor-drop-cap-view-stacked .elementor-drop-cap{background-color:#818a91;color:#fff}.elementor-widget-text-editor.elementor-drop-cap-view-framed .elementor-drop-cap{color:#818a91;border:3px solid;background-color:transparent}.elementor-widget-text-editor:not(.elementor-drop-cap-view-default) .elementor-drop-cap{margin-top:8px}.elementor-widget-text-editor:not(.elementor-drop-cap-view-default) .elementor-drop-cap-letter{width:1em;height:1em}.elementor-widget-text-editor .elementor-drop-cap{float:left;text-align:center;line-height:1;font-size:50px}.elementor-widget-text-editor .elementor-drop-cap-letter{display:inline-block}<\/style>\t\t\t\t\t<div class=\"elementor-text-editor elementor-clearfix\">\n\t\t\t\t<h3>Dokumenty po schv\u00e1len\u00ed \u017eiadosti, Dokumenty k \u010derpaniu prostriedkov<\/h3><table class=\"tblBorder\" border=\"0\"><tbody><tr><td><span>Usmernenie pre pr\u00edjemcu dot\u00e1cie k\u00a0\u010derpaniu poskytnutej podpory formou dot\u00e1cie z\u00a0Environment\u00e1lneho fondu v\u00a0roku 2021<\/span><\/td><td><img loading=\"lazy\" decoding=\"async\" class=\"alignnone wp-image-2797 size-full\" src=\"https:\/\/feelfreeagency.com\/envirofond\/wp-content\/uploads\/2022\/03\/download-2-24.png\" alt=\"\" width=\"24\" height=\"24\" \/>\u00a0<a href=\"https:\/\/feelfreeagency.com\/envirofond\/wp-content\/uploads\/2022\/03\/Usmernenie-pre-prijemcov-dotacie-k-cepaniu-2021.pdf\" target=\"_blank\" rel=\"noopener\">stiahnu\u0165<\/a><\/td><\/tr><tr><td><span>Pr\u00edlohy k usmerneniu\u00a0pre pr\u00edjemcu dot\u00e1cie k\u00a0\u010derpaniu poskytnutej podpory formou dot\u00e1cie z\u00a0Environment\u00e1lneho fondu v\u00a0roku 2021<\/span><\/td><td><img loading=\"lazy\" decoding=\"async\" class=\"alignnone size-full wp-image-2797\" src=\"https:\/\/feelfreeagency.com\/envirofond\/wp-content\/uploads\/2022\/03\/download-2-24.png\" alt=\"\" width=\"24\" height=\"24\" \/><a href=\"https:\/\/feelfreeagency.com\/envirofond\/wp-content\/uploads\/2022\/03\/Prilohy-k-usmerneniu.docx\" target=\"_blank\" rel=\"noopener\">\u00a0stiahnu\u0165<\/a><a href=\"http:\/\/envirofond.sk\/_img\/Prehlady\/Poziadavky\/Poziadavky_dotacie_2012.pdf\" target=\"_blank\" rel=\"noopener\"><\/a><\/td><\/tr><tr><td><span>Pr\u00edloha: Z\u00e1vere\u010dn\u00fd odpo\u010det \u010derpania k Zmluve o poskytnut\u00ed podpory z Environment\u00e1lneho fondu formou dot\u00e1cie<\/span><\/td><td><img loading=\"lazy\" decoding=\"async\" class=\"alignnone size-full wp-image-2797\" src=\"https:\/\/feelfreeagency.com\/envirofond\/wp-content\/uploads\/2022\/03\/download-2-24.png\" alt=\"\" width=\"24\" height=\"24\" \/><a href=\"https:\/\/feelfreeagency.com\/envirofond\/wp-content\/uploads\/2022\/03\/Zaverecny-odpocet.docx\" target=\"_blank\" rel=\"noopener\">\u00a0stiahnu\u0165<\/a><a href=\"http:\/\/envirofond.sk\/_img\/Prehlady\/Poziadavky\/Poziadavky_dotacie_2013.pdf\" target=\"_blank\" rel=\"noopener\"><\/a><\/td><\/tr><\/tbody><\/table><h3>\u00a0<\/h3><h3>Dokumenty k monitorovaniu projektov<\/h3><table class=\"tblBorder\" border=\"0\"><tbody><tr><td>In\u0161trukcia k predkladaniu a rozsahu \u00fadajov k monitorovaniu projektu<\/td><td><img loading=\"lazy\" decoding=\"async\" class=\"alignnone size-full wp-image-2797\" src=\"https:\/\/feelfreeagency.com\/envirofond\/wp-content\/uploads\/2022\/03\/download-2-24.png\" alt=\"\" width=\"24\" height=\"24\" \/>\u00a0<a href=\"https:\/\/feelfreeagency.com\/envirofond\/wp-content\/uploads\/2022\/03\/Instrukcia-k-predkladaniu-a-rozsahu-udajov_20220124.pdf\" target=\"_blank\" rel=\"noopener\">stiahnu\u0165<\/a><\/td><\/tr><\/tbody><\/table><h3>\u00a0<\/h3><h3>Pr\u00edlohy k monitorovacej spr\u00e1ve-\u010destn\u00e9 vyhl\u00e1senia<\/h3><table class=\"tblBorder\" border=\"0\"><tbody><tr><td><span>A1, A2<\/span><\/td><td><img loading=\"lazy\" decoding=\"async\" class=\"alignnone size-full wp-image-2797\" src=\"https:\/\/feelfreeagency.com\/envirofond\/wp-content\/uploads\/2022\/03\/download-2-24.png\" alt=\"\" width=\"24\" height=\"24\" \/>\u00a0<a href=\"https:\/\/feelfreeagency.com\/envirofond\/wp-content\/uploads\/2022\/03\/A1-A2.docx\" target=\"_blank\" rel=\"noopener\">stiahnu\u0165<\/a><\/td><\/tr><tr><td>A3 Komun\u00e1lne vozidlo na um\u00fdvanie a \u010distenie&#8230;<\/td><td><img loading=\"lazy\" decoding=\"async\" class=\"alignnone size-full wp-image-2797\" src=\"https:\/\/feelfreeagency.com\/envirofond\/wp-content\/uploads\/2022\/03\/download-2-24.png\" alt=\"\" width=\"24\" height=\"24\" \/><a href=\"http:\/\/envirofond.sk\/_img\/Prehlady\/Poziadavky\/Poziadavky_dotacie_2012.pdf\" target=\"_blank\" rel=\"noopener\">\u00a0<\/a><a href=\"https:\/\/feelfreeagency.com\/envirofond\/wp-content\/uploads\/2022\/03\/A3-Cistiace-vozidlo.docx\" target=\"_blank\" rel=\"noopener\">stiahnu\u0165<\/a><a href=\"http:\/\/envirofond.sk\/_img\/Prehlady\/Poziadavky\/Poziadavky_dotacie_2012.pdf\" target=\"_blank\" rel=\"noopener\"><\/a><\/td><\/tr><tr><td>A3 Zele\u0148<\/td><td><img loading=\"lazy\" decoding=\"async\" class=\"alignnone size-full wp-image-2797\" src=\"https:\/\/feelfreeagency.com\/envirofond\/wp-content\/uploads\/2022\/03\/download-2-24.png\" alt=\"\" width=\"24\" height=\"24\" \/><a href=\"http:\/\/envirofond.sk\/_img\/Prehlady\/Poziadavky\/Poziadavky_dotacie_2013.pdf\" target=\"_blank\" rel=\"noopener\">\u00a0<\/a><a href=\"https:\/\/feelfreeagency.com\/envirofond\/wp-content\/uploads\/2022\/03\/A3_zelen.docx\" target=\"_blank\" rel=\"noopener\">stiahnu\u0165<\/a><a href=\"http:\/\/envirofond.sk\/_img\/Prehlady\/Poziadavky\/Poziadavky_dotacie_2013.pdf\" target=\"_blank\" rel=\"noopener\"><\/a><\/td><\/tr><tr><td>B \u010cOV<\/td><td><img loading=\"lazy\" decoding=\"async\" class=\"alignnone size-full wp-image-2797\" src=\"https:\/\/feelfreeagency.com\/envirofond\/wp-content\/uploads\/2022\/03\/download-2-24.png\" alt=\"\" width=\"24\" height=\"24\" \/>\u00a0<a href=\"https:\/\/feelfreeagency.com\/envirofond\/wp-content\/uploads\/2022\/03\/B_COV_VZ.docx\" target=\"_blank\" rel=\"noopener\">stiahnu\u0165<\/a><\/td><\/tr><tr><td>B Siete<\/td><td><img loading=\"lazy\" decoding=\"async\" class=\"alignnone size-full wp-image-2797\" src=\"https:\/\/feelfreeagency.com\/envirofond\/wp-content\/uploads\/2022\/03\/download-2-24.png\" alt=\"\" width=\"24\" height=\"24\" \/>\u00a0<a href=\"https:\/\/feelfreeagency.com\/envirofond\/wp-content\/uploads\/2022\/03\/B_siete.docx\" target=\"_blank\" rel=\"noopener\">stiahnu\u0165<\/a><\/td><\/tr><tr><td>BD1<\/td><td><img loading=\"lazy\" decoding=\"async\" class=\"alignnone size-full wp-image-2797\" src=\"https:\/\/feelfreeagency.com\/envirofond\/wp-content\/uploads\/2022\/03\/download-2-24.png\" alt=\"\" width=\"24\" height=\"24\" \/>\u00a0<a href=\"https:\/\/feelfreeagency.com\/envirofond\/wp-content\/uploads\/2022\/03\/BD1.docx\" target=\"_blank\" rel=\"noopener\">stiahnu\u0165<\/a><\/td><\/tr><tr><td>BP1, BP2<\/td><td><img loading=\"lazy\" decoding=\"async\" class=\"alignnone size-full wp-image-2797\" src=\"https:\/\/feelfreeagency.com\/envirofond\/wp-content\/uploads\/2022\/03\/download-2-24.png\" alt=\"\" width=\"24\" height=\"24\" \/>\u00a0<a href=\"https:\/\/feelfreeagency.com\/envirofond\/wp-content\/uploads\/2022\/03\/BP.docx\" target=\"_blank\" rel=\"noopener\">stiahnu\u0165<\/a><\/td><\/tr><tr><td>BR1<\/td><td><img loading=\"lazy\" decoding=\"async\" class=\"alignnone size-full wp-image-2797\" src=\"https:\/\/feelfreeagency.com\/envirofond\/wp-content\/uploads\/2022\/03\/download-2-24.png\" alt=\"\" width=\"24\" height=\"24\" \/>\u00a0<a href=\"https:\/\/feelfreeagency.com\/envirofond\/wp-content\/uploads\/2022\/03\/BR1.docx\" target=\"_blank\" rel=\"noopener\">stiahnu\u0165<\/a><\/td><\/tr><tr><td>C2, C5 Kompost\u00e9ry<\/td><td><img loading=\"lazy\" decoding=\"async\" class=\"alignnone size-full wp-image-2797\" src=\"https:\/\/feelfreeagency.com\/envirofond\/wp-content\/uploads\/2022\/03\/download-2-24.png\" alt=\"\" width=\"24\" height=\"24\" \/>\u00a0<a href=\"https:\/\/feelfreeagency.com\/envirofond\/wp-content\/uploads\/2022\/03\/C2_kompostery.docx\" target=\"_blank\" rel=\"noopener\">stiahnu\u0165<\/a><\/td><\/tr><tr><td>C2, C5 Zariadenia nekompost\u00e9ry<\/td><td><img loading=\"lazy\" decoding=\"async\" class=\"alignnone size-full wp-image-2797\" src=\"https:\/\/feelfreeagency.com\/envirofond\/wp-content\/uploads\/2022\/03\/download-2-24.png\" alt=\"\" width=\"24\" height=\"24\" \/>\u00a0<a href=\"https:\/\/feelfreeagency.com\/envirofond\/wp-content\/uploads\/2022\/03\/C2_zariadenia_nekompostery.docx\" target=\"_blank\" rel=\"noopener\">stiahnu\u0165<\/a><\/td><\/tr><tr><td>C3, C6 Zbern\u00e9 n\u00e1doby<\/td><td><img loading=\"lazy\" decoding=\"async\" class=\"alignnone size-full wp-image-2797\" src=\"https:\/\/feelfreeagency.com\/envirofond\/wp-content\/uploads\/2022\/03\/download-2-24.png\" alt=\"\" width=\"24\" height=\"24\" \/>\u00a0<a href=\"https:\/\/feelfreeagency.com\/envirofond\/wp-content\/uploads\/2022\/03\/C3_zberne_nadoby.docx\" target=\"_blank\" rel=\"noopener\">stiahnu\u0165<\/a><\/td><\/tr><tr><td>C2, C3, C5, C6 Kompost\u00e1re\u0148, Zbern\u00fd dvor<\/td><td><img loading=\"lazy\" decoding=\"async\" class=\"alignnone size-full wp-image-2797\" src=\"https:\/\/feelfreeagency.com\/envirofond\/wp-content\/uploads\/2022\/03\/download-2-24.png\" alt=\"\" width=\"24\" height=\"24\" \/>\u00a0<a href=\"https:\/\/feelfreeagency.com\/envirofond\/wp-content\/uploads\/2022\/03\/KompostarenZberny_dvor.docx\" target=\"_blank\" rel=\"noopener\">stiahnu\u0165<\/a><\/td><\/tr><tr><td>C1, C4<\/td><td><img loading=\"lazy\" decoding=\"async\" class=\"alignnone size-full wp-image-2797\" src=\"https:\/\/feelfreeagency.com\/envirofond\/wp-content\/uploads\/2022\/03\/download-2-24.png\" alt=\"\" width=\"24\" height=\"24\" \/>\u00a0<a href=\"https:\/\/feelfreeagency.com\/envirofond\/wp-content\/uploads\/2022\/03\/C1C4.docx\" target=\"_blank\" rel=\"noopener\">stiahnu\u0165<\/a><\/td><\/tr><tr><td>D2 Ochrana prirodzen\u00e9ho druhov\u00e9ho zlo\u017eenia ekosyst\u00e9mov<\/td><td><img loading=\"lazy\" decoding=\"async\" class=\"alignnone size-full wp-image-2797\" src=\"https:\/\/feelfreeagency.com\/envirofond\/wp-content\/uploads\/2022\/03\/download-2-24.png\" alt=\"\" width=\"24\" height=\"24\" \/>\u00a0<a href=\"https:\/\/feelfreeagency.com\/envirofond\/wp-content\/uploads\/2022\/03\/K1_2018_schvalene.pdf\" target=\"_blank\" rel=\"noopener\">stiahnu\u0165<\/a><\/td><\/tr><tr><td>D5, D6 ZOO<\/td><td><img loading=\"lazy\" decoding=\"async\" class=\"alignnone size-full wp-image-2797\" src=\"https:\/\/feelfreeagency.com\/envirofond\/wp-content\/uploads\/2022\/03\/download-2-24.png\" alt=\"\" width=\"24\" height=\"24\" \/>\u00a0<a href=\"https:\/\/feelfreeagency.com\/envirofond\/wp-content\/uploads\/2022\/03\/D5D6_ZOO.docx\" target=\"_blank\" rel=\"noopener\">stiahnu\u0165<\/a><\/td><\/tr><tr><td>E1 Environment\u00e1lna v\u00fdchova&#8230;<\/td><td><img loading=\"lazy\" decoding=\"async\" class=\"alignnone size-full wp-image-2797\" src=\"https:\/\/feelfreeagency.com\/envirofond\/wp-content\/uploads\/2022\/03\/download-2-24.png\" alt=\"\" width=\"24\" height=\"24\" \/>\u00a0<a href=\"https:\/\/feelfreeagency.com\/envirofond\/wp-content\/uploads\/2022\/03\/E1.docx\" target=\"_blank\" rel=\"noopener\">stiahnu\u0165<\/a><\/td><\/tr><tr><td>J1 Elektromobil<\/td><td><img loading=\"lazy\" decoding=\"async\" class=\"alignnone size-full wp-image-2797\" src=\"https:\/\/feelfreeagency.com\/envirofond\/wp-content\/uploads\/2022\/03\/download-2-24.png\" alt=\"\" width=\"24\" height=\"24\" \/>\u00a0<a href=\"https:\/\/feelfreeagency.com\/envirofond\/wp-content\/uploads\/2022\/03\/J1-Elektromobil.docx\" target=\"_blank\" rel=\"noopener\">stiahnu\u0165<\/a><\/td><\/tr><tr><td>L4, L5, L6<\/td><td><img loading=\"lazy\" decoding=\"async\" class=\"alignnone size-full wp-image-2797\" src=\"https:\/\/feelfreeagency.com\/envirofond\/wp-content\/uploads\/2022\/03\/download-2-24.png\" alt=\"\" width=\"24\" height=\"24\" \/>\u00a0<a href=\"https:\/\/feelfreeagency.com\/envirofond\/wp-content\/uploads\/2022\/03\/L4L5L6_-vykurovanie.docx\" target=\"_blank\" rel=\"noopener\">stiahnu\u0165<\/a><\/td><\/tr><\/tbody><\/table>\t\t\t\t\t<\/div>\n\t\t\t\t\t\t<\/div>\n\t\t\t\t<\/div>\n\t\t\t\t\t\t<\/div>\n\t\t\t\t\t<\/div>\n\t\t<\/div>\n\t\t\t\t\t\t\t\t<\/div>\n\t\t\t\t\t<\/div>\n\t\t<\/section>\n\t\t\t\t\t\t<\/div>\n\t\t\t\t\t\t<\/div>\n\t\t\t\t\t<\/div>\n\t\t","protected":false},"excerpt":{"rendered":"<p>Dokumenty po schv\u00e1len\u00ed \u017eiadosti, Dokumenty k \u010derpaniu prostriedkov Usmernenie pre pr\u00edjemcu dot\u00e1cie k\u00a0\u010derpaniu poskytnutej podpory formou dot\u00e1cie z\u00a0Environment\u00e1lneho fondu v\u00a0roku 2021 \u00a0stiahnu\u0165 Pr\u00edlohy k usmerneniu\u00a0pre pr\u00edjemcu dot\u00e1cie k\u00a0\u010derpaniu poskytnutej podpory formou dot\u00e1cie z\u00a0Environment\u00e1lneho fondu v\u00a0roku 2021 \u00a0stiahnu\u0165 Pr\u00edloha: Z\u00e1vere\u010dn\u00fd odpo\u010det \u010derpania k Zmluve o poskytnut\u00ed podpory z Environment\u00e1lneho fondu formou dot\u00e1cie \u00a0stiahnu\u0165 \u00a0 Dokumenty k [&hellip;]<\/p>\n","protected":false},"author":1,"featured_media":0,"parent":0,"menu_order":0,"comment_status":"closed","ping_status":"closed","template":"","meta":{"footnotes":""},"class_list":["post-3093","page","type-page","status-publish","hentry"],"_links":{"self":[{"href":"https:\/\/feelfreeagency.com\/envirofond\/wp-json\/wp\/v2\/pages\/3093","targetHints":{"allow":["GET"]}}],"collection":[{"href":"https:\/\/feelfreeagency.com\/envirofond\/wp-json\/wp\/v2\/pages"}],"about":[{"href":"https:\/\/feelfreeagency.com\/envirofond\/wp-json\/wp\/v2\/types\/page"}],"author":[{"embeddable":true,"href":"https:\/\/feelfreeagency.com\/envirofond\/wp-json\/wp\/v2\/users\/1"}],"replies":[{"embeddable":true,"href":"https:\/\/feelfreeagency.com\/envirofond\/wp-json\/wp\/v2\/comments?post=3093"}],"version-history":[{"count":16,"href":"https:\/\/feelfreeagency.com\/envirofond\/wp-json\/wp\/v2\/pages\/3093\/revisions"}],"predecessor-version":[{"id":3140,"href":"https:\/\/feelfreeagency.com\/envirofond\/wp-json\/wp\/v2\/pages\/3093\/revisions\/3140"}],"wp:attachment":[{"href":"https:\/\/feelfreeagency.com\/envirofond\/wp-json\/wp\/v2\/media?parent=3093"}],"curies":[{"name":"wp","href":"https:\/\/api.w.org\/{rel}","templated":true}]}}