{"id":3010,"date":"2022-03-15T21:30:28","date_gmt":"2022-03-15T20:30:28","guid":{"rendered":"https:\/\/feelfreeagency.com\/envirofond\/?page_id=3010"},"modified":"2022-03-15T21:45:00","modified_gmt":"2022-03-15T20:45:00","slug":"kompenzacie-2","status":"publish","type":"page","link":"https:\/\/feelfreeagency.com\/envirofond\/kompenzacie-2\/","title":{"rendered":"Kompenz\u00e1cie"},"content":{"rendered":"\t\t<div data-elementor-type=\"wp-page\" data-elementor-id=\"3010\" class=\"elementor elementor-3010\" data-elementor-settings=\"[]\">\n\t\t\t\t\t\t<div class=\"elementor-inner\">\n\t\t\t\t\t\t\t<div class=\"elementor-section-wrap\">\n\t\t\t\t\t\t\t<section class=\"elementor-section elementor-top-section elementor-element elementor-element-d6e9172 elementor-section-boxed elementor-section-height-default elementor-section-height-default\" data-id=\"d6e9172\" data-element_type=\"section\">\n\t\t\t\t\t\t<div class=\"elementor-container elementor-column-gap-default\">\n\t\t\t\t\t\t\t<div class=\"elementor-row\">\n\t\t\t\t\t<div class=\"elementor-column elementor-col-100 elementor-top-column elementor-element elementor-element-4568c72\" data-id=\"4568c72\" data-element_type=\"column\">\n\t\t\t<div class=\"elementor-column-wrap elementor-element-populated\">\n\t\t\t\t\t\t\t<div class=\"elementor-widget-wrap\">\n\t\t\t\t\t\t<div class=\"elementor-element elementor-element-0eee8d3 elementor-widget elementor-widget-text-editor\" data-id=\"0eee8d3\" data-element_type=\"widget\" data-widget_type=\"text-editor.default\">\n\t\t\t\t<div class=\"elementor-widget-container\">\n\t\t\t<style>\/*! elementor - v3.5.6 - 28-02-2022 *\/\n.elementor-widget-text-editor.elementor-drop-cap-view-stacked .elementor-drop-cap{background-color:#818a91;color:#fff}.elementor-widget-text-editor.elementor-drop-cap-view-framed .elementor-drop-cap{color:#818a91;border:3px solid;background-color:transparent}.elementor-widget-text-editor:not(.elementor-drop-cap-view-default) .elementor-drop-cap{margin-top:8px}.elementor-widget-text-editor:not(.elementor-drop-cap-view-default) .elementor-drop-cap-letter{width:1em;height:1em}.elementor-widget-text-editor .elementor-drop-cap{float:left;text-align:center;line-height:1;font-size:50px}.elementor-widget-text-editor .elementor-drop-cap-letter{display:inline-block}<\/style>\t\t\t\t\t<div class=\"elementor-text-editor elementor-clearfix\">\n\t\t\t\t<h3><span>Sch\u00e9ma \u0161t\u00e1tnej pomoci<\/span><\/h3><table border=\"0\"><tbody><tr><td>Sch\u00e9ma \u0161t\u00e1tnej pomoci pre podniky v odvetviach a pododvetviach, v pr\u00edpade ktor\u00fdch sa predpoklad\u00e1 zna\u010dn\u00e9 riziko \u00faniku uhl\u00edka<br \/>v s\u00favislosti s premietnut\u00edm n\u00e1kladov emisn\u00fdch kv\u00f3t v r\u00e1mci EU ETS do cien elektrickej energie<\/td><td><img loading=\"lazy\" decoding=\"async\" src=\"https:\/\/feelfreeagency.com\/envirofond\/wp-content\/uploads\/2022\/03\/download-2-24.png\" alt=\"\" width=\"24\" height=\"24\" \/>\u00a0<a href=\"https:\/\/feelfreeagency.com\/envirofond\/wp-content\/uploads\/2022\/03\/Schema.pdf\" target=\"_blank\" rel=\"noopener\">stiahnu\u0165<\/a><\/td><\/tr><tr><td>Sch\u00e9ma \u0161t\u00e1tnej pomoci pre podniky v odvetviach a pododvetviach, v pr\u00edpade ktor\u00fdch sa predpoklad\u00e1 zna\u010dn\u00e9 riziko \u00faniku uhl\u00edka<br \/>v s\u00favislosti s premietnut\u00edm n\u00e1kladov emisn\u00fdch kv\u00f3t v r\u00e1mci EU ETS do cien elektrickej energie &#8211; Dodatok \u010d. 1<\/td><td><img loading=\"lazy\" decoding=\"async\" src=\"https:\/\/feelfreeagency.com\/envirofond\/wp-content\/uploads\/2022\/03\/download-2-24.png\" alt=\"\" width=\"24\" height=\"24\" \/><a href=\"https:\/\/feelfreeagency.com\/envirofond\/wp-content\/uploads\/2022\/03\/Schema_statnej_pomoci_Kompenzacie_dodatok_c._1.pdf\" target=\"_blank\" rel=\"noopener\">\u00a0stiahnu\u0165<\/a><a href=\"http:\/\/envirofond.sk\/_img\/Prehlady\/Poziadavky\/Poziadavky_dotacie_2012.pdf\" target=\"_blank\" rel=\"noopener\"><\/a><\/td><\/tr><tr><td>Ozn\u00e1menie o v\u00fd\u0161ke disponibiln\u00fdch prostriedkov na rok 2021<\/td><td><img loading=\"lazy\" decoding=\"async\" src=\"https:\/\/feelfreeagency.com\/envirofond\/wp-content\/uploads\/2022\/03\/download-2-24.png\" alt=\"\" width=\"24\" height=\"24\" \/><a href=\"https:\/\/feelfreeagency.com\/envirofond\/wp-content\/uploads\/2022\/03\/Alokacia_2021.pdf\" target=\"_blank\" rel=\"noopener\">\u00a0stiahnu\u0165<\/a><a href=\"http:\/\/envirofond.sk\/_img\/Prehlady\/Poziadavky\/Poziadavky_dotacie_2013.pdf\" target=\"_blank\" rel=\"noopener\"><\/a><\/td><\/tr><\/tbody><\/table><h3>\u00a0<\/h3><h3>\u00a0<\/h3><h3>Dokumenty na stiahnutie<\/h3><table border=\"0\"><tbody><tr><td>V\u00ddZVA K-1\/2021<\/td><td><img loading=\"lazy\" decoding=\"async\" src=\"https:\/\/feelfreeagency.com\/envirofond\/wp-content\/uploads\/2022\/03\/download-2-24.png\" alt=\"\" width=\"24\" height=\"24\" \/>\u00a0<a href=\"https:\/\/feelfreeagency.com\/envirofond\/wp-content\/uploads\/2022\/03\/Vyzva_kompenzacie_2021.pdf\" target=\"_blank\" rel=\"noopener\">stiahnu\u0165<\/a><\/td><\/tr><tr><td>Pr\u00edru\u010dka pre \u017eiadate\u013eov o poskytnutie dot\u00e1cie prev\u00e1dzkam, pri ktor\u00fdch sa predpoklad\u00e1 zna\u010dn\u00e9 riziko \u00faniku uhl\u00edka v s\u00favislosti <br \/>s premietnut\u00edm n\u00e1kladov kv\u00f3t do cien elektrickej energie (\u017eiados\u0165 o kompenz\u00e1ciu za rok 2020)a<\/td><td><img loading=\"lazy\" decoding=\"async\" src=\"https:\/\/feelfreeagency.com\/envirofond\/wp-content\/uploads\/2022\/03\/download-2-24.png\" alt=\"\" width=\"24\" height=\"24\" \/><a href=\"http:\/\/envirofond.sk\/_img\/Prehlady\/Poziadavky\/Poziadavky_dotacie_2012.pdf\" target=\"_blank\" rel=\"noopener\">\u00a0<\/a><a href=\"https:\/\/feelfreeagency.com\/envirofond\/wp-content\/uploads\/2022\/03\/Prirucka_pre_ziadatelov_K1_2021.pdf\" target=\"_blank\" rel=\"noopener\">stiahnu\u0165<\/a><a href=\"http:\/\/envirofond.sk\/_img\/Prehlady\/Poziadavky\/Poziadavky_dotacie_2012.pdf\" target=\"_blank\" rel=\"noopener\"><\/a><\/td><\/tr><tr><td>Formul\u00e1r K-1\/2020<\/td><td><img loading=\"lazy\" decoding=\"async\" src=\"https:\/\/feelfreeagency.com\/envirofond\/wp-content\/uploads\/2022\/03\/download-2-24.png\" alt=\"\" width=\"24\" height=\"24\" \/><a href=\"http:\/\/envirofond.sk\/_img\/Prehlady\/Poziadavky\/Poziadavky_dotacie_2013.pdf\" target=\"_blank\" rel=\"noopener\">\u00a0<\/a><a href=\"https:\/\/feelfreeagency.com\/envirofond\/wp-content\/uploads\/2022\/03\/formular_K1_2020.xlsx\" target=\"_blank\" rel=\"noopener\">stiahnu\u0165<\/a><a href=\"http:\/\/envirofond.sk\/_img\/Prehlady\/Poziadavky\/Poziadavky_dotacie_2013.pdf\" target=\"_blank\" rel=\"noopener\"><\/a><\/td><\/tr><tr><td>Pr\u00edloha \u010d. 7: \u010cestn\u00e9 vyhl\u00e1senie, preh\u013ead a \u00fapln\u00e9 inform\u00e1cie o inej po\u017eadovanej alebo poskytnutej pomoci z verejn\u00fdch prostriedkov<\/td><td><img loading=\"lazy\" decoding=\"async\" src=\"https:\/\/feelfreeagency.com\/envirofond\/wp-content\/uploads\/2022\/03\/download-2-24.png\" alt=\"\" width=\"24\" height=\"24\" \/><a href=\"http:\/\/envirofond.sk\/_img\/Prehlady\/Poziadavky\/Poziadavky_dotacie_2013.pdf\" target=\"_blank\" rel=\"noopener\">\u00a0<\/a><a href=\"https:\/\/feelfreeagency.com\/envirofond\/wp-content\/uploads\/2022\/03\/Priloha_c._7.docx\" target=\"_blank\" rel=\"noopener\">stiahnu\u0165<\/a><a href=\"http:\/\/envirofond.sk\/_img\/Prehlady\/Poziadavky\/Poziadavky_dotacie_2013.pdf\" target=\"_blank\" rel=\"noopener\"><\/a><\/td><\/tr><tr><td>Pr\u00edloha \u010d. 8: \u010cestn\u00e9 vyhl\u00e1senie \u0161tatut\u00e1rneho org\u00e1nu \u017eiadate\u013ea o kompenz\u00e1ciu za rok 2020 <br \/>(vysporiadanie finan\u010dn\u00fdch vz\u0165ahov so \u0161t\u00e1tnym rozpo\u010dtom a Environment\u00e1lnym fondom)<\/td><td><img loading=\"lazy\" decoding=\"async\" src=\"https:\/\/feelfreeagency.com\/envirofond\/wp-content\/uploads\/2022\/03\/download-2-24.png\" alt=\"\" width=\"24\" height=\"24\" \/><a href=\"http:\/\/envirofond.sk\/_img\/Prehlady\/Poziadavky\/Poziadavky_dotacie_2013.pdf\" target=\"_blank\" rel=\"noopener\">\u00a0<\/a><a href=\"https:\/\/feelfreeagency.com\/envirofond\/wp-content\/uploads\/2022\/03\/Priloha_c._8.docx\" target=\"_blank\" rel=\"noopener\">stiahnu\u0165<\/a><a href=\"http:\/\/envirofond.sk\/_img\/Prehlady\/Poziadavky\/Poziadavky_dotacie_2013.pdf\" target=\"_blank\" rel=\"noopener\"><\/a><\/td><\/tr><tr><td>Pr\u00edloha \u010d. 9: \u010cestn\u00e9 vyhl\u00e1senie \u0161tatut\u00e1rneho org\u00e1nu \u017eiadate\u013ea o kompenz\u00e1ciu za rok 2020 (vedenie v\u00fdkonu rozhodnutia)<\/td><td><img loading=\"lazy\" decoding=\"async\" src=\"https:\/\/feelfreeagency.com\/envirofond\/wp-content\/uploads\/2022\/03\/download-2-24.png\" alt=\"\" width=\"24\" height=\"24\" \/><a href=\"http:\/\/envirofond.sk\/_img\/Prehlady\/Poziadavky\/Poziadavky_dotacie_2013.pdf\" target=\"_blank\" rel=\"noopener\">\u00a0<\/a><a href=\"https:\/\/feelfreeagency.com\/envirofond\/wp-content\/uploads\/2022\/03\/Priloha_c._9.docx\" target=\"_blank\" rel=\"noopener\">stiahnu\u0165<\/a><a href=\"http:\/\/envirofond.sk\/_img\/Prehlady\/Poziadavky\/Poziadavky_dotacie_2013.pdf\" target=\"_blank\" rel=\"noopener\"><\/a><\/td><\/tr><tr><td>Usmernenie postupu pri posudzovan\u00ed opr\u00e1vnenosti \u017eiadate\u013ea<\/td><td><img loading=\"lazy\" decoding=\"async\" src=\"https:\/\/feelfreeagency.com\/envirofond\/wp-content\/uploads\/2022\/03\/download-2-24.png\" alt=\"\" width=\"24\" height=\"24\" \/><a href=\"http:\/\/envirofond.sk\/_img\/Prehlady\/Poziadavky\/Poziadavky_dotacie_2013.pdf\" target=\"_blank\" rel=\"noopener\">\u00a0<\/a><a href=\"https:\/\/feelfreeagency.com\/envirofond\/wp-content\/uploads\/2022\/03\/Opravnenost-ziadatela.pdf\" target=\"_blank\" rel=\"noopener\">stiahnu\u0165<\/a><a href=\"http:\/\/envirofond.sk\/_img\/Prehlady\/Poziadavky\/Poziadavky_dotacie_2013.pdf\" target=\"_blank\" rel=\"noopener\"><\/a><\/td><\/tr><\/tbody><\/table>\t\t\t\t\t<\/div>\n\t\t\t\t\t\t<\/div>\n\t\t\t\t<\/div>\n\t\t\t\t\t\t<\/div>\n\t\t\t\t\t<\/div>\n\t\t<\/div>\n\t\t\t\t\t\t\t\t<\/div>\n\t\t\t\t\t<\/div>\n\t\t<\/section>\n\t\t\t\t\t\t<\/div>\n\t\t\t\t\t\t<\/div>\n\t\t\t\t\t<\/div>\n\t\t","protected":false},"excerpt":{"rendered":"<p>Sch\u00e9ma \u0161t\u00e1tnej pomoci Sch\u00e9ma \u0161t\u00e1tnej pomoci pre podniky v odvetviach a pododvetviach, v pr\u00edpade ktor\u00fdch sa predpoklad\u00e1 zna\u010dn\u00e9 riziko \u00faniku uhl\u00edkav s\u00favislosti s premietnut\u00edm n\u00e1kladov emisn\u00fdch kv\u00f3t v r\u00e1mci EU ETS do cien elektrickej energie \u00a0stiahnu\u0165 Sch\u00e9ma \u0161t\u00e1tnej pomoci pre podniky v odvetviach a pododvetviach, v pr\u00edpade ktor\u00fdch sa predpoklad\u00e1 zna\u010dn\u00e9 riziko \u00faniku uhl\u00edkav s\u00favislosti [&hellip;]<\/p>\n","protected":false},"author":1,"featured_media":0,"parent":0,"menu_order":0,"comment_status":"closed","ping_status":"closed","template":"","meta":{"footnotes":""},"class_list":["post-3010","page","type-page","status-publish","hentry"],"_links":{"self":[{"href":"https:\/\/feelfreeagency.com\/envirofond\/wp-json\/wp\/v2\/pages\/3010","targetHints":{"allow":["GET"]}}],"collection":[{"href":"https:\/\/feelfreeagency.com\/envirofond\/wp-json\/wp\/v2\/pages"}],"about":[{"href":"https:\/\/feelfreeagency.com\/envirofond\/wp-json\/wp\/v2\/types\/page"}],"author":[{"embeddable":true,"href":"https:\/\/feelfreeagency.com\/envirofond\/wp-json\/wp\/v2\/users\/1"}],"replies":[{"embeddable":true,"href":"https:\/\/feelfreeagency.com\/envirofond\/wp-json\/wp\/v2\/comments?post=3010"}],"version-history":[{"count":7,"href":"https:\/\/feelfreeagency.com\/envirofond\/wp-json\/wp\/v2\/pages\/3010\/revisions"}],"predecessor-version":[{"id":3029,"href":"https:\/\/feelfreeagency.com\/envirofond\/wp-json\/wp\/v2\/pages\/3010\/revisions\/3029"}],"wp:attachment":[{"href":"https:\/\/feelfreeagency.com\/envirofond\/wp-json\/wp\/v2\/media?parent=3010"}],"curies":[{"name":"wp","href":"https:\/\/api.w.org\/{rel}","templated":true}]}}